git of 647630?
3
What is the ten thousands digit of 4731401?
3
What is the thousands digit of 18153311?
3
What is the hundreds digit of 8209103?
1
What is the ten thousands digit of 2244489?
4
What is the millions digit of 1946799?
1
What is the ten millions digit of 11204467?
1
What is the units digit of 11273944?
4
What is the hundreds digit of 2508029?
0
What is the thousands digit of 469812?
9
What is the units digit of 928755?
5
What is the hundreds digit of 923076?
0
What is the hundreds digit of 573669?
6
What is the thousands digit of 10659249?
9
What is the ten thousands digit of 1496596?
9
What is the hundred thousands digit of 1938224?
9
What is the ten thousands digit of 34835?
3
What is the tens digit of 2226894?
9
What is the ten thousands digit of 233799?
3
What is the tens digit of 132261?
6
What is the units digit of 708304?
4
What is the tens digit of 706791?
9
What is the thousands digit of 2301252?
1
What is the thousands digit of 1799003?
9
What is the hundred thousands digit of 6989279?
9
What is the hundreds digit of 1808230?
2
What is the tens digit of 238277?
7
What is the hundreds digit of 829783?
7
What is the thousands digit of 121050?
1
What is the ten millions digit of 28811001?
2
What is the units digit of 1032897?
7
What is the hundreds digit of 10182326?
3
What is the units digit of 2261367?
7
What is the ten thousands digit of 1005374?
0
What is the hundreds digit of 43016?
0
What is the hundred thousands digit of 212352?
2
What is the units digit of 25957865?
5
What is the units digit of 159263?
3
What is the thousands digit of 8063147?
3
What is the hundred thousands digit of 1148890?
1
What is the millions digit of 8763242?
8
What is the ten thousands digit of 126625?
2
What is the hundred thousands digit of 398929?
3
What is the hundred thousands digit of 628145?
6
What is the thousands digit of 11517?
1
What is the millions digit of 2792672?
2
What is the tens digit of 1035421?
2
What is the units digit of 209613?
3
What is the ten thousands digit of 196610?
9
What is the ten thousands digit of 4896110?
9
What is the ten millions digit of 14577195?
1
What is the hundred thousands digit of 301715?
3
What is the units digit of 396884?
4
What is the thousands digit of 1792111?
2
What is the hundred thousands digit of 2916067?
9
What is the millions digit of 8541779?
8
What is the hundred thousands digit of 768025?
7
What is the ten millions digit of 14047338?
1
What is the ten thousands digit of 288290?
8
What is the ten millions digit of 16517573?
1
What is the hundreds digit of 7957781?
7
What is the thousands digit of 14015215?
5
What is the tens digit of 80160?
6
What is the hundreds digit of 9840570?
5
What is the ten thousands digit of 28573072?
7
What is the hundred thousands digit of 2110694?
1
What is the millions digit of 8155541?
8
What is the hundred thousands digit of 2023331?
0
What is the thousands digit of 1000809?
0
What is the thousands digit of 166430?
6
What is the units digit of 252907?
7
What is the thousands digit of 4894237?
4
What is the ten thousands digit of 403652?
0
What is the hundreds digit of 2922964?
9
What is the hundred thousands digit of 20145607?
1
What is the units digit of 2654510?
0
What is the millions digit of 16797259?
6
What is the ten thousands digit of 7180034?
8
What is the thousands digit of 1904348?
4
What is the hundred thousands digit of 754038?
7
What is the thousands digit of 10025512?
5
What is the tens digit of 4255393?
9
What is the units digit of 2547481?
1
What is the thousands digit of 402770?
2
What is the ten thousands digit of 130608?
3
What is the hundred thousands digit of 170700?
1
What is the tens digit of 106611?
1
What is the ten thousands digit of 25422722?
2
What is the hundred thousands digit of 5936334?
9
What is the ten millions digit of 30024661?
3
What is the thousands digit of 27729244?
9
What is the hundred thousands digit of 15312823?
3
What is the hundred thousands digit of 3644104?
6
What is the units digit of 18338488?
8
What is the thousands digit of 160804?
0
What is the thousands digit of 27979843?
9
What is the tens digit of 542474?
7
What is the units digit of 21268?
8
What is the units digit of 1591865?
5
What is the ten millions digit of 16466982?
1
What is the tens digit of 394245?
4
What is the hundreds digit of 11043156?
1
What is the hundreds digit of 78282?
2
What is the thousands digit of 1893896?
3
What is the ten thousands digit of 850414?
5
What is the hundred thousands digit of 261197?
2
What is the tens digit of 877359?
5
What is the hundred thousands digit of 6628595?
6
What is the millions digit of 2518898?
2
What is the tens digit of 7451366?
6
What is the tens digit of 32890424?
2
What is the tens digit of 2219437?
3
What is the tens digit of 222592?
9
What is the tens digit of 1618925?
2
What is the ten thousands digit of 17892266?
9
What is the thousands digit of 949397?
9
What is the units digit of 3071057?
7
What is the units digit of 39993?
3
What is the units digit of 4365648?
8
What is the ten thousands digit of 4510045?
1
What is the hundred thousands digit of 16809628?
8
What is the units digit of 2455302?
2
What is the thousands digit of 748284?
8
What is the ten thousands digit of 262339?
6
What is the hundred thousands digit of 394416?
3
What is the units digit of 2042841?
1
What is the tens digit of 7575136?
3
What is the units digit of 199927?
7
What is the ten thousands digit of 83523?
8
What is the hundred thousands digit of 720646?
7
What is the thousands digit of 22941559?
1
What is the millions digit of 5916001?
5
What is the thousands digit of 474140?
4
What is the tens digit of 406656?
5
What is the ten thousands digit of 959266?
5
What is the ten thousands digit of 1263081?
6
What is the tens digit of 5001540?
4
What is the units digit of 11439860?
0
What is the thousands digit of 285382?
5
What is the tens digit of 13027897?
9
What is the units digit of 15645749?
9
What is the units digit of 3264468?
8
What is the millions digit of 2189670?
2
What is the hundred thousands digit of 3042169?
0
What is the hundred thousands digit of 181590?
1
What is the ten thousands digit of 7132187?
3
What is the thousands digit of 11044696?
4
What is the units digit of 506929?
9
What is the hundred thousands digit of 1614656?
6
What is the millions digit of 1621417?
1
What is the thousands digit of 119044?
9
What is the tens digit of 18907035?
3
What is the hundreds digit of 216388?
3
What is the units digit of 219613?
3
What is the thousands digit of 5925871?
5
What is the thousands digit of 711290?
1
What is the units digit of 669841?
1
What is the millions digit of 1343763?
1
What is the ten thousands digit of 390011?
9
What is the units digit of 29367?
7
What is the thousands digit of 32876208?
6
What is the units digit of 259428?
8
What is the thousands digit of 1913231?
3
What is the thousands digit of 3429729?
9
What is the thousands digit of 1730820?
0
What is the units digit of 4130881?
1
What is the hundred thousands digit of 6366138?
3
What is the hundred thousands digit of 1815490?
8
What is the thousands digit of 423224?
3
What is the hundred thousands digit of 577678?
5
What is the ten thousands digit of 349731?
4
What is the tens digit of 8591726?
2
What is the hundred thousands digit of 567381?
5
What is the hundred thousands digit of 1215784?
2
What is the thousands digit of 17072398?
2
What is the units digit of 3728941?
1
What is the hundred thousands digit of 1350437?
3
What is the hundreds digit of 20805920?
9
What is the hundred thousands digit of 731861?
7
What is the hundreds digit of 19805533?
5
What is the units digit of 4130999?
9
What is the hundreds digit of 2346347?
3
What is the hundreds digit of 4862716?
7
What is the thousands digit of 1034269?
4
What is the hundreds digit of 1740568?
5
What is the millions digit of 14457984?
4
What is the units digit of 5605773?
3
What is the hundred thousands digit of 2834538?
8
What is the ten thousands digit of 1890583?
9
What is the units digit of 76422?
2
What is the thousands digit of 629583?
9
What is the units digit of 4303690?
0
What is the thousands digit of 5604375?
4
What is the ten thousands digit of 65148?
6
What i